5) is divided by 16?
13
Let s(g) = g - 5. Let x be s(5). Let h(a) = -a**3 - a**2 + a + 26. Let d = 22 - 13. Calculate the remainder when h(x) is divided by d.
8
Suppose h - 4*g - 15 - 23 = 0, -h - 5*g = -83. Calculate the remainder when h is divided by (-546)/(-27) + 6/(-27).
18
Let d = -6 + 11. Suppose -d*x + 4*q + 71 = 0, -3*x + 5*q + 54 = 14. Calculate the remainder when 41 is divided by x.
11
Suppose -26 = -3*k + k. Calculate the remainder when k is divided by 7.
6
Suppose -4*d - 7 = -h + 9, 2*d = 4*h - 36. Let b = -10 + 15. What is the remainder when h is divided by b?
3
Let i(k) = k**3 - 8*k**2 - 5*k - 12. Let h be i(9). What is the remainder when 34 is divided by (3/4)/(1/h)?
16
Let u = -22 - -66. Suppose 3*m + m = u. Calculate the remainder when (-1 - -3)*(-63)/(-6) is divided by m.
10
Suppose -5*o - 41 + 11 = 0. Suppose -3*t + 2 = -t - 4*q, 5*q - 56 = -4*t. Let f = t + o. Calculate the remainder when 10 is divided by f.
1
Let h(t) = t**3 + 14*t**2 + 5*t - 12. What is the remainder when h(-13) is divided by 31?
30
Let v(m) = -m**3 - m**2 + 2*m - 3. Let q be v(-3). Suppose -6*c - 33 = -q*c. Calculate the remainder when 43 is divided by c.
10
Suppose -4*i + 292 = -0*i. Suppose -2*m - x + 22 = 0, -2*x - i + 0 = -5*m. Calculate the remainder when 17 is divided by -2 - (1 + (1 - m)).
8
Calculate the remainder when (3 + -3 - 1)*-28 is divided by 15.
13
Let p(v) = v**2 + v - 2. Let x be (-8)/(-5) - 4/(-10). What is the remainder when p(3) is divided by -3 + x + (-5)/(-1)?
2
Suppose -2*f - 2*f - 3*v - 87 = 0, v - 13 = f. Let l = -13 - f. Suppose -3*o = z - 6 - 11, 5*z = -l*o + 65. Calculate the remainder when 32 is divided by z.
10
Suppose 3*p - 3 = 3. What is the remainder when 7 is divided by p?
1
Suppose 0 = 3*w - 6*h + 3*h, 0 = 3*w + 2*h - 10. Let f(x) = -x + 17. What is the remainder when f(13) is divided by w?
0
Suppose 5*z = 2*z + 15, 21 = x + 4*z. Calculate the remainder when x/(0 - -1)*38 is divided by 13.
12
Let j(x) = 2*x**3 - 2*x**2 - 2*x - 7. Let s = -28 + 40. What is the remainder when j(3) is divided by s?
11
Let n(w) = w**2 + 11*w - 20. What is the remainder when n(-14) is divided by 7?
1
Suppose 0 = -s + 2*s + 34. Let q = 59 + s. Let k = -19 + 32. What is the remainder when q is divided by k?
12
Let n(i) = -i**2 + 8*i - 9. What is the remainder when 8 is divided by n(4)?
1
Let c(a) = 8*a**3. Let p be c(1). Let k = 15 - p. What is the remainder when 19 is divided by k?
5
Suppose -5*i + h - 10 = -39, 3*h - 13 = -5*i. Let g(s) = -s**2 + 6*s + 2. What is the remainder when 33 is divided by g(i)?
5
Suppose o + o = -t + 76, 3*t + 52 = o. Suppose 0 = 5*c - o - 0. What is the remainder when 31 is divided by c?
7
Suppose 3*p = -74 + 302. Let t = -45 + p. Calculate the remainder when t is divided by 11.
9
Suppose y + 0*y = -1. Let s = y + 5. What is the remainder when 9 is divided by s?
1
Let f be 1*2 + (-24)/(-12). Suppose -20 + 4 = -f*q. Let y(p) = -p**2 + 10. Calculate the remainder when y(0) is divided by q.
2
Let c be 2/8 + 246/8. Suppose -4*o + 203 = c. What is the remainder when o is divided by (3 - -11) + (-3 - -2) + 2?
13
Let i(z) = 2*z**3 - 16*z**2 - 11*z + 5. Calculate the remainder when i(9) is divided by 28.
12
Let j(n) = -2*n + 24. Let b be j(11). What is the remainder when 22 is divided by (-248)/(-40) + b/(-10)?
4
Suppose 0 = q - 7 - 4. Let j = -11 - -15. Suppose -4*y - j*w = -116, 2*y - w - 40 = 24. What is the remainder when y is divided by q?
9
Let l(f) = 2*f**2 - 6*f + 3. What is the remainder when l(5) is divided by 13?
10
Suppose j + d - 34 = -3*d, 2*j + 5*d - 65 = 0. Calculate the remainder when j is divided by 16.
14
Suppose 4*x + 0 = -m + 8, 4*x + 4*m = 8. What is the remainder when 5 is divided by x?
1
Suppose 0*n - 10 = -5*n, -18 = -3*l + 3*n. Calculate the remainder when 6*3*l/18 is divided by 3.
2
Suppose -3*h - 189 = -10*h. What is the remainder when 78 is divided by h?
24
Let v(i) = i**2 - 10*i - 6. Let p(c) = 3*c - 3. What is the remainder when v(11) is divided by p(2)?
2
Calculate the remainder when ((-7)/(84/39))/(1/(-36)) is divided by 24.
21
Let y(p) = 7*p**3 + 2*p**2 - p. Let d(x) = x**3 - x**2 + 1. Let g be d(0). Let n be y(g). Calculate the remainder when 47*2*n/16 is divided by 12.
11
Calculate the remainder when 10/6 + 1/3 is divided by 2.
0
Suppose 0*t - 4*r + 96 = -4*t, -t - 3*r = 8. Let l = 55 + t. Let m = -12 + 24. What is the remainder when l is divided by m?
11
Calculate the remainder when -17 + 50 + 1 + 0 is divided by 12.
10
Suppose -o = 2*w + w - 39, 0 = -5*o - 4*w + 217. What is the remainder when o is divided by 12?
9
Let s(w) = w**3 - 4. Let u be s(3). Let c = u + 7. Calculate the remainder when c is divided by 8.
6
Suppose -2 = -2*o + 2. Suppose 4*q - 32 = o*q. Calculate the remainder when q is divided by 9.
7
Let j = 3 - -2. Suppose -4*c - 20 = 0, -j = -o + 4*c - 6*c. What is the remainder when 57 is divided by o?
12
Let p(h) = -5*h**2 - 3 + 0 + 3*h**2 + h**2 + 8*h. Let f be 3 - 1/(3/(-3)). Calculate the remainder when 24 is divided by p(f).
11
What is the remainder when 14 is divided by ((-30)/75)/(1/(-20))?
6
Suppose 3*n + 3 = 4*n. Suppose -n*p = -4*w - 49, -4 = -3*w + 4*w. Let g = -45 + 77. What is the remainder when g is divided by p?
10
Suppose 2*b - 11 = 3*b. Let l = 27 + b. What is the remainder when 47 is divided by l?
15
Suppose a - 43 = -a + 5*u, 0 = -a - 5*u - 16. Suppose 2*f - 22 = 28. What is the remainder when f is divided by a?
7
Let c(n) = 9*n**2 + n + 1. Suppose -6*p = 340 - 382. Calculate the remainder when c(-1) is divided by p.
2
Suppose 0 = -3*h - 2*h - 4*v + 35, v = h + 2. What is the remainder when 3 is divided by h?
0
Suppose 0 = -5*s - 0 + 10. Suppose -3*w - 36 = -4*t - w, s*w - 34 = -3*t. What is the remainder when 17 is divided by t?
7
Calculate the remainder when 27 is divided by (-7)/(-2) + (-12)/(-8).
2
Suppose 9*x - 6*x - 87 = 0. Calculate the remainder when x is divided by 8.
5
Let z(a) be the third derivative of -a**5/60 - 3*a**4/8 - 5*a**3/6 + a**2. Let u = 5 - 3. Calculate the remainder when z(-8) is divided by u.
1
Suppose 2*q - 9 - 5 = 0. Suppose -r = -4*r - 3*n - 6, -3*n - 15 = 0. What is the remainder when q is divided by r?
1
Suppose 0 = 2*k + k + 5*w - 64, 0 = 4*k - w - 47. Suppose k = 4*x - 5*f, 2*x = -x - 2*f + 27. Calculate the remainder when 25 is divided by x.
4
Suppose 0 = -n - 2*a + 4, 5*n = 4*a - 0 + 6. What is the remainder when 7 is divided by n?
1
Let g = 872 - 606. Suppose x = 5*b - g, 3*b - b + 5*x - 101 = 0. Calculate the remainder when b is divided by 14.
11
Let q = 33 + 7. Suppose p + z = 19, -2*p + 48 = 4*z - 0*z. What is the remainder when q is divided by p?
12
Let w(m) = 3*m**3 - 5*m**2 + 5*m. Calculate the remainder when w(2) is divided by 10.
4
Let x = 18 + -5. Let b(w) = w + 24. Calculate the remainder when b(0) is divided by x.
11
Let p = -127 - -150. What is the remainder when p is divided by 4?
3
Let m = 13 - 0. Let v = 0 + 1. What is the remainder when ((-3)/2)/(v/(-16)) is divided by m?
11
Let x be 16/(-7) + 2/7. Let v be -11 + 0*x/(-6). Calculate the remainder when -4 - -4 - (v + 1) is divided by 6.
4
Let b(a) = -a + 7. Calculate the remainder when 69 is divided by b(-7).
13
Let y(b) = -8*b**3 + 2*b**2 + b - 1. Suppose 3*w = 16 - 7. What is the remainder when y(-1) is divided by w?
2
Suppose -41*p = -35*p - 726. Calculate the remainder when p is divided by 42.
37
Let k(j) = -j**3 + 8*j**2 + 5*j + 3. What is the remainder when k(8) is divided by 11?
10
Suppose -4*j - 4*v = 4, 4*v + 4 = 4*j - 0*v. Suppose j = -2*z + 42 + 28. Calculate the remainder when z is divided by 18.
17
Let f(v) = -v - 5. Suppose -4*z + 14 = -5*r, 0*z - 1 = -r - 3*z. Let i = r + 3. Calculate the remainder when i is divided by f(-6).
0
Suppose 3*b + 0*b - 12 = 0. Suppose b*r = r + 42. Suppose 0*q = -4*q + 160. What is the remainder when q is divided by r?
12
Let n = 4 - 2. Suppose -n*l + 3 = -5*l. What is the remainder when 11 is divided by l/(-2 - 7/(-4))?
3
Let y = 13 + -2. Suppose -4*i = -3*u + 105, 38 = 2*u - 5*i - 39. What is the remainder when u is divided by y?
9
Suppose -i - 230 = -6*i. Suppose 4*g - 2*g - i = 0. Let j(b) = -b**2 + 12*b - 12. Calculate the remainder when g is divided by j(10).
7
Calculate the remainder when (4 + 1 +